[INFO] cloning repository https://github.com/SatoshiAndKin/web3-proxy
[INFO] running `Command { std: "git" "-c" "credential.helper=" "-c" "credential.helper=/workspace/cargo-home/bin/git-credential-null" "clone" "--bare" "https://github.com/SatoshiAndKin/web3-proxy" "/workspace/cache/git-repos/https%3A%2F%2Fgithub.com%2FSatoshiAndKin%2Fweb3-proxy", kill_on_drop: false }`
[INFO] [stderr] Cloning into bare repository '/workspace/cache/git-repos/https%3A%2F%2Fgithub.com%2FSatoshiAndKin%2Fweb3-proxy'...
[INFO] running `Command { std: "git" "rev-parse" "HEAD", kill_on_drop: false }`
[INFO] [stdout] 633bf1f53bbe58947de19340354d9edd32088569
[INFO] checking SatoshiAndKin/web3-proxy against master#e6e4f7ed1589e03bc2f6c5931c1a72e7947e8682 for beta-170-4
[INFO] running `Command { std: "git" "clone" "/workspace/cache/git-repos/https%3A%2F%2Fgithub.com%2FSatoshiAndKin%2Fweb3-proxy" "/workspace/builds/worker-7-tc2/source", kill_on_drop: false }`
[INFO] [stderr] Cloning into '/workspace/builds/worker-7-tc2/source'...
[INFO] [stderr] done.
[INFO] validating manifest of git repo https://github.com/SatoshiAndKin/web3-proxy on toolchain e6e4f7ed1589e03bc2f6c5931c1a72e7947e8682
[INFO] running `Command { std: CARGO_HOME="/workspace/cargo-home" RUSTUP_HOME="/workspace/rustup-home" "/workspace/cargo-home/bin/cargo" "+e6e4f7ed1589e03bc2f6c5931c1a72e7947e8682" "metadata" "--manifest-path" "Cargo.toml" "--no-deps", kill_on_drop: false }`
[INFO] removed /workspace/builds/worker-7-tc2/source/.cargo/config.toml
[INFO] removed /workspace/builds/worker-7-tc2/source/rust-toolchain.toml
[INFO] started tweaking git repo https://github.com/SatoshiAndKin/web3-proxy
[INFO] finished tweaking git repo https://github.com/SatoshiAndKin/web3-proxy
[INFO] tweaked toml for git repo https://github.com/SatoshiAndKin/web3-proxy written to /workspace/builds/worker-7-tc2/source/Cargo.toml
[INFO] crate git repo https://github.com/SatoshiAndKin/web3-proxy already has a lockfile, it will not be regenerated
[INFO] running `Command { std: CARGO_HOME="/workspace/cargo-home" RUSTUP_HOME="/workspace/rustup-home" "/workspace/cargo-home/bin/cargo" "+e6e4f7ed1589e03bc2f6c5931c1a72e7947e8682" "fetch" "--manifest-path" "Cargo.toml", kill_on_drop: false }`
[INFO] running `Command { std: "docker" "create" "-v" "/var/lib/crater-agent-workspace/builds/worker-7-tc2/target:/opt/rustwide/target:rw,Z" "-v" "/var/lib/crater-agent-workspace/builds/worker-7-tc2/source:/opt/rustwide/workdir:ro,Z" "-v" "/var/lib/crater-agent-workspace/cargo-home:/opt/rustwide/cargo-home:ro,Z" "-v" "/var/lib/crater-agent-workspace/rustup-home:/opt/rustwide/rustup-home:ro,Z" "-e" "SOURCE_DIR=/opt/rustwide/workdir" "-e" "CARGO_TARGET_DIR=/opt/rustwide/target" "-e" "CARGO_HOME=/opt/rustwide/cargo-home" "-e" "RUSTUP_HOME=/opt/rustwide/rustup-home" "-w" "/opt/rustwide/workdir" "-m" "1610612736" "--user" "0:0" "--network" "none" "ghcr.io/rust-lang/crates-build-env/linux@sha256:19e73879b68f455e41552ea35293514db52ea292d993f571636dbffedb77a1ee" "/opt/rustwide/cargo-home/bin/cargo" "+e6e4f7ed1589e03bc2f6c5931c1a72e7947e8682" "metadata" "--no-deps" "--format-version=1", kill_on_drop: false }`
[INFO] [stdout] df59888bd56ec12e60425f3d7824ded31a99205fce9abc86bd0e48386f53a9da
[INFO] running `Command { std: "docker" "start" "-a" "df59888bd56ec12e60425f3d7824ded31a99205fce9abc86bd0e48386f53a9da", kill_on_drop: false }`
[INFO] running `Command { std: "docker" "inspect" "df59888bd56ec12e60425f3d7824ded31a99205fce9abc86bd0e48386f53a9da", kill_on_drop: false }`
[INFO] running `Command { std: "docker" "rm" "-f" "df59888bd56ec12e60425f3d7824ded31a99205fce9abc86bd0e48386f53a9da", kill_on_drop: false }`
[INFO] [stdout] df59888bd56ec12e60425f3d7824ded31a99205fce9abc86bd0e48386f53a9da
[INFO] running `Command { std: "docker" "create" "-v" "/var/lib/crater-agent-workspace/builds/worker-7-tc2/target:/opt/rustwide/target:rw,Z" "-v" "/var/lib/crater-agent-workspace/builds/worker-7-tc2/source:/opt/rustwide/workdir:ro,Z" "-v" "/var/lib/crater-agent-workspace/cargo-home:/opt/rustwide/cargo-home:ro,Z" "-v" "/var/lib/crater-agent-workspace/rustup-home:/opt/rustwide/rustup-home:ro,Z" "-e" "SOURCE_DIR=/opt/rustwide/workdir" "-e" "CARGO_TARGET_DIR=/opt/rustwide/target" "-e" "CARGO_INCREMENTAL=0" "-e" "RUST_BACKTRACE=full" "-e" "RUSTFLAGS=--cap-lints=forbid" "-e" "RUSTDOCFLAGS=--cap-lints=forbid" "-e" "CARGO_HOME=/opt/rustwide/cargo-home" "-e" "RUSTUP_HOME=/opt/rustwide/rustup-home" "-w" "/opt/rustwide/workdir" "-m" "1610612736" "--user" "0:0" "--network" "none" "ghcr.io/rust-lang/crates-build-env/linux@sha256:19e73879b68f455e41552ea35293514db52ea292d993f571636dbffedb77a1ee" "/opt/rustwide/cargo-home/bin/cargo" "+e6e4f7ed1589e03bc2f6c5931c1a72e7947e8682" "check" "--frozen" "--all" "--all-targets" "--message-format=json", kill_on_drop: false }`
[INFO] [stdout] 05c8982a6c32d231c68266bb4700776bb144c502881358db971a0ab42cc87eaa
[INFO] running `Command { std: "docker" "start" "-a" "05c8982a6c32d231c68266bb4700776bb144c502881358db971a0ab42cc87eaa", kill_on_drop: false }`
[INFO] [stderr]    Compiling libc v0.2.144
[INFO] [stderr]    Compiling proc-macro2 v1.0.59
[INFO] [stderr]    Compiling quote v1.0.28
[INFO] [stderr]    Compiling unicode-ident v1.0.9
[INFO] [stderr]    Compiling serde v1.0.163
[INFO] [stderr]    Compiling cc v1.0.79
[INFO] [stderr]    Compiling indexmap v1.9.3
[INFO] [stderr]    Compiling log v0.4.18
[INFO] [stderr]    Compiling typenum v1.16.0
[INFO] [stderr]    Compiling generic-array v0.14.7
[INFO] [stderr]    Compiling syn v1.0.109
[INFO] [stderr]    Compiling once_cell v1.17.2
[INFO] [stderr]    Compiling lock_api v0.4.9
[INFO] [stderr]    Compiling parking_lot_core v0.9.7
[INFO] [stderr]     Checking zeroize v1.6.0
[INFO] [stderr]    Compiling futures-core v0.3.28
[INFO] [stderr]    Compiling tokio v1.28.2
[INFO] [stderr]    Compiling syn v2.0.17
[INFO] [stderr]    Compiling backtrace v0.3.67
[INFO] [stderr]    Compiling libm v0.2.6
[INFO] [stderr]    Compiling thiserror v1.0.40
[INFO] [stderr]     Checking getrandom v0.2.9
[INFO] [stderr]    Compiling num-traits v0.2.15
[INFO] [stderr]     Checking rand_core v0.6.4
[INFO] [stderr]    Compiling ahash v0.7.6
[INFO] [stderr]     Checking itoa v1.0.6
[INFO] [stderr]     Checking subtle v2.4.1
[INFO] [stderr]    Compiling hashbrown v0.12.3
[INFO] [stderr]     Checking gimli v0.27.2
[INFO] [stderr]     Checking smallvec v1.10.0
[INFO] [stderr]     Checking miniz_oxide v0.6.2
[INFO] [stderr]     Checking object v0.30.3
[INFO] [stderr]     Checking rustc-demangle v0.1.23
[INFO] [stderr]     Checking const-oid v0.9.2
[INFO] [stderr]     Checking num_cpus v1.15.0
[INFO] [stderr]    Compiling futures-channel v0.3.28
[INFO] [stderr]    Compiling futures-task v0.3.28
[INFO] [stderr]     Checking crypto-common v0.1.6
[INFO] [stderr]     Checking fixedbitset v0.4.2
[INFO] [stderr]     Checking futures-sink v0.3.28
[INFO] [stderr]     Checking thread-id v4.0.0
[INFO] [stderr]    Compiling memchr v2.5.0
[INFO] [stderr]    Compiling ring v0.16.20
[INFO] [stderr]    Compiling serde_json v1.0.96
[INFO] [stderr]     Checking petgraph v0.6.3
[INFO] [stderr]    Compiling futures-util v0.3.28
[INFO] [stderr]     Checking addr2line v0.19.0
[INFO] [stderr]     Checking block-buffer v0.10.4
[INFO] [stderr]     Checking signal-hook-registry v1.4.1
[INFO] [stderr]     Checking mio v0.8.6
[INFO] [stderr]     Checking socket2 v0.4.9
[INFO] [stderr]     Checking digest v0.10.6
[INFO] [stderr]     Checking ryu v1.0.13
[INFO] [stderr]     Checking ppv-lite86 v0.2.17
[INFO] [stderr]     Checking parking_lot v0.12.1
[INFO] [stderr]     Checking tracing-core v0.1.31
[INFO] [stderr]     Checking rand_chacha v0.3.1
[INFO] [stderr]    Compiling winnow v0.4.6
[INFO] [stderr]     Checking rand v0.8.5
[INFO] [stderr]    Compiling adler v1.0.2
[INFO] [stderr]     Checking futures-io v0.3.28
[INFO] [stderr]     Checking tinyvec_macros v0.1.1
[INFO] [stderr]     Checking tinyvec v1.6.0
[INFO] [stderr]    Compiling unicode-segmentation v1.10.1
[INFO] [stderr]     Checking unicode-normalization v0.1.22
[INFO] [stderr]     Checking unicode-bidi v0.3.13
[INFO] [stderr]     Checking form_urlencoded v1.1.0
[INFO] [stderr]     Checking cpufeatures v0.2.7
[INFO] [stderr]    Compiling crossbeam-utils v0.8.15
[INFO] [stderr]     Checking idna v0.3.0
[INFO] [stderr]    Compiling crunchy v0.2.2
[INFO] [stderr]    Compiling serde_derive v1.0.163
[INFO] [stderr]    Compiling tokio-macros v2.1.0
[INFO] [stderr]    Compiling thiserror-impl v1.0.40
[INFO] [stderr]    Compiling tracing-attributes v0.1.24
[INFO] [stderr]    Compiling futures-macro v0.3.28
[INFO] [stderr]    Compiling pkg-config v0.3.27
[INFO] [stderr]    Compiling rustversion v1.0.12
[INFO] [stderr]    Compiling heck v0.4.1
[INFO] [stderr]    Compiling proc-macro-error-attr v1.0.4
[INFO] [stderr]    Compiling spin v0.5.2
[INFO] [stderr]    Compiling proc-macro-error v1.0.4
[INFO] [stderr]    Compiling pin-project-lite v0.2.9
[INFO] [stderr]     Checking tracing v0.1.37
[INFO] [stderr]    Compiling io-lifetimes v1.0.11
[INFO] [stderr]    Compiling impl-trait-for-tuples v0.2.2
[INFO] [stderr]     Checking arrayvec v0.7.2
[INFO] [stderr]    Compiling tiny-keccak v2.0.2
[INFO] [stderr]    Compiling rlp-derive v0.1.0
[INFO] [stderr]    Compiling aho-corasick v1.0.1
[INFO] [stderr]     Checking time v0.1.45
[INFO] [stderr]    Compiling rustix v0.37.19
[INFO] [stderr]    Compiling either v1.8.1
[INFO] [stderr]    Compiling regex-syntax v0.7.2
[INFO] [stderr]     Checking iana-time-zone v0.1.56
[INFO] [stderr]     Checking sct v0.7.0
[INFO] [stderr]    Compiling num-integer v0.1.45
[INFO] [stderr]    Compiling semver v1.0.17
[INFO] [stderr]    Compiling itertools v0.10.5
[INFO] [stderr]    Compiling regex v1.8.3
[INFO] [stderr]     Checking sha2 v0.10.6
[INFO] [stderr]    Compiling untrusted v0.7.1
[INFO] [stderr]    Compiling bytes v1.4.0
[INFO] [stderr]    Compiling serde_spanned v0.6.2
[INFO] [stderr]    Compiling toml_datetime v0.6.2
[INFO] [stderr]    Compiling toml_edit v0.19.9
[INFO] [stderr]     Checking url v2.3.1
[INFO] [stderr]     Checking chrono v0.4.25
[INFO] [stderr]    Compiling derive_more v0.99.17
[INFO] [stderr]     Checking webpki v0.22.0
[INFO] [stderr]    Compiling openssl-sys v0.9.87
[INFO] [stderr]    Compiling time-core v0.1.1
[INFO] [stderr]    Compiling rustls v0.20.8
[INFO] [stderr]    Compiling httparse v1.8.0
[INFO] [stderr]    Compiling proc-macro-crate v1.3.1
[INFO] [stderr]    Compiling time-macros v0.2.9
[INFO] [stderr]     Checking lazy_static v1.4.0
[INFO] [stderr]     Checking base64 v0.21.2
[INFO] [stderr]    Compiling async-trait v0.1.68
[INFO] [stderr]     Checking http v0.2.9
[INFO] [stderr]     Checking hmac v0.12.1
[INFO] [stderr]    Compiling hex v0.4.3
[INFO] [stderr]    Compiling openssl v0.10.52
[INFO] [stderr]    Compiling parity-scale-codec-derive v3.1.4
[INFO] [stderr]     Checking tokio-util v0.7.8
[INFO] [stderr]    Compiling scale-info-derive v2.6.0
[INFO] [stderr]     Checking webpki-roots v0.22.6
[INFO] [stderr]     Checking uuid v1.3.3
[INFO] [stderr]     Checking time v0.3.21
[INFO] [stderr]    Compiling openssl-macros v0.1.1
[INFO] [stderr]    Compiling slab v0.4.8
[INFO] [stderr]     Checking base64ct v1.6.0
[INFO] [stderr]    Compiling siphasher v0.3.10
[INFO] [stderr]    Compiling num-bigint v0.4.3
[INFO] [stderr]    Compiling memoffset v0.8.0
[INFO] [stderr]    Compiling native-tls v0.2.11
[INFO] [stderr]    Compiling rustls v0.21.1
[INFO] [stderr]    Compiling pin-project-internal v1.0.12
[INFO] [stderr]    Compiling camino v1.1.4
[INFO] [stderr]    Compiling percent-encoding v2.2.0
[INFO] [stderr]    Compiling parking_lot_core v0.8.6
[INFO] [stderr]     Checking rustls-pemfile v1.0.2
[INFO] [stderr]     Checking der v0.7.5
[INFO] [stderr]    Compiling num-iter v0.1.43
[INFO] [stderr]    Compiling crossbeam-epoch v0.9.14
[INFO] [stderr]    Compiling linux-raw-sys v0.3.8
[INFO] [stderr]     Checking rustc-hex v2.1.0
[INFO] [stderr]     Checking keccak v0.1.4
[INFO] [stderr]     Checking sha3 v0.10.8
[INFO] [stderr]     Checking pin-project v1.0.12
[INFO] [stderr]     Checking sha1 v0.10.5
[INFO] [stderr]    Compiling dirs-sys-next v0.1.2
[INFO] [stderr]     Checking tower-service v0.3.2
[INFO] [stderr]     Checking byte-slice-cast v1.2.2
[INFO] [stderr]    Compiling dirs-next v2.0.0
[INFO] [stderr]     Checking parity-scale-codec v3.5.0
[INFO] [stderr]     Checking tokio-rustls v0.23.4
[INFO] [stderr]     Checking spki v0.7.2
[INFO] [stderr]     Checking rlp v0.5.2
[INFO] [stderr]    Compiling num_enum_derive v0.6.1
[INFO] [stderr]     Checking http-body v0.4.5
[INFO] [stderr]    Compiling open-fastrlp-derive v0.1.1
[INFO] [stderr]    Compiling auto_impl v1.1.0
[INFO] [stderr]    Compiling strum_macros v0.24.3
[INFO] [stderr]     Checking ff v0.13.0
[INFO] [stderr]    Compiling rust_decimal v1.29.1
[INFO] [stderr]     Checking base16ct v0.2.0
[INFO] [stderr]     Checking sec1 v0.7.2
[INFO] [stderr]     Checking group v0.13.0
[INFO] [stderr]     Checking pkcs8 v0.10.2
[INFO] [stderr]    Compiling term v0.7.0
[INFO] [stderr]    Compiling phf_shared v0.10.0
[INFO] [stderr]    Compiling phf_shared v0.11.1
[INFO] [stderr]     Checking crypto-bigint v0.5.2
[INFO] [stderr]    Compiling new_debug_unreachable v1.0.4
[INFO] [stderr]    Compiling unicode-xid v0.2.4
[INFO] [stderr]    Compiling num-bigint-dig v0.8.2
[INFO] [stderr]    Compiling bit-vec v0.6.3
[INFO] [stderr]     Checking try-lock v0.2.4
[INFO] [stderr]    Compiling precomputed-hash v0.1.1
[INFO] [stderr]    Compiling string_cache v0.8.7
[INFO] [stderr]     Checking want v0.3.0
[INFO] [stderr]    Compiling pem-rfc7468 v0.3.1
[INFO] [stderr]    Compiling bit-set v0.5.3
[INFO] [stderr]    Compiling is-terminal v0.4.7
[INFO] [stderr]    Compiling ascii-canvas v3.0.0
[INFO] [stderr]    Compiling phf_generator v0.11.1
[INFO] [stderr]     Checking elliptic-curve v0.13.4
[INFO] [stderr]     Checking fixed-hash v0.8.0
[INFO] [stderr]     Checking scale-info v2.6.0
[INFO] [stderr]     Checking impl-codec v0.6.0
[INFO] [stderr]     Checking impl-rlp v0.3.0
[INFO] [stderr]     Checking h2 v0.3.19
[INFO] [stderr]     Checking rfc6979 v0.4.0
[INFO] [stderr]     Checking impl-serde v0.4.0
[INFO] [stderr]    Compiling lalrpop-util v0.19.12
[INFO] [stderr]    Compiling crypto-bigint v0.3.2
[INFO] [stderr]     Checking signature v2.1.0
[INFO] [stderr]    Compiling ena v0.14.2
[INFO] [stderr]    Compiling static_assertions v1.1.0
[INFO] [stderr]    Compiling diff v0.1.13
[INFO] [stderr]    Compiling const-oid v0.7.1
[INFO] [stderr]    Compiling regex-syntax v0.6.29
[INFO] [stderr]    Compiling rayon-core v1.11.0
[INFO] [stderr]    Compiling paste v1.0.12
[INFO] [stderr]     Checking ecdsa v0.16.7
[INFO] [stderr]    Compiling der v0.5.1
[INFO] [stderr]    Compiling phf_macros v0.11.1
[INFO] [stderr]     Checking uint v0.9.5
[INFO] [stderr]     Checking mime v0.3.17
[INFO] [stderr]    Compiling crossbeam-queue v0.3.8
[INFO] [stderr]     Checking nom v7.1.3
[INFO] [stderr]    Compiling lalrpop v0.19.12
[INFO] [stderr]    Compiling spki v0.5.4
[INFO] [stderr]     Checking ethbloom v0.13.0
[INFO] [stderr]     Checking primitive-types v0.12.1
[INFO] [stderr]     Checking k256 v0.13.1
[INFO] [stderr]    Compiling Inflector v0.11.4
[INFO] [stderr]     Checking hyper v0.14.26
[INFO] [stderr]     Checking rustls-webpki v0.100.1
[INFO] [stderr]    Compiling heck v0.3.3
[INFO] [stderr]    Compiling wasm-bindgen-shared v0.2.86
[INFO] [stderr]     Checking ethereum-types v0.14.1
[INFO] [stderr]     Checking parking_lot v0.11.2
[INFO] [stderr]    Compiling pkcs8 v0.8.0
[INFO] [stderr]     Checking bigdecimal v0.3.1
[INFO] [stderr]     Checking serde_urlencoded v0.7.1
[INFO] [stderr]     Checking base64 v0.13.1
[INFO] [stderr]    Compiling foreign-types-shared v0.1.1
[INFO] [stderr]    Compiling minimal-lexical v0.2.1
[INFO] [stderr]     Checking tempfile v3.5.0
[INFO] [stderr]    Compiling foreign-types v0.3.2
[INFO] [stderr]     Checking tokio-native-tls v0.3.1
[INFO] [stderr]     Checking tokio-rustls v0.24.0
[INFO] [stderr]    Compiling pkcs1 v0.3.3
[INFO] [stderr]     Checking tokio-stream v0.1.14
[INFO] [stderr]     Checking cargo-platform v0.1.2
[INFO] [stderr]     Checking futures-executor v0.3.28
[INFO] [stderr]    Compiling bumpalo v3.13.0
[INFO] [stderr]    Compiling unicode_categories v0.1.1
[INFO] [stderr]    Compiling sqlformat v0.2.1
[INFO] [stderr]    Compiling wasm-bindgen-backend v0.2.86
[INFO] [stderr]     Checking futures v0.3.28
[INFO] [stderr]     Checking cargo_metadata v0.15.4
[INFO] [stderr]    Compiling sqlx-rt v0.6.3
[INFO] [stderr]     Checking hyper-tls v0.5.0
[INFO] [stderr]     Checking hyper-rustls v0.24.0
[INFO] [stderr]    Compiling futures-intrusive v0.4.2
[INFO] [stderr]    Compiling rsa v0.6.1
[INFO] [stderr]     Checking ethabi v18.0.0
[INFO] [stderr]     Checking open-fastrlp v0.1.4
[INFO] [stderr]     Checking strum v0.24.1
[INFO] [stderr]     Checking num_enum v0.6.1
[INFO] [stderr]    Compiling stringprep v0.1.2
[INFO] [stderr]    Compiling atoi v1.0.0
[INFO] [stderr]    Compiling sea-query-derive v0.3.0
[INFO] [stderr]    Compiling hashlink v0.8.1
[INFO] [stderr]     Checking encoding_rs v0.8.32
[INFO] [stderr]    Compiling dotenvy v0.15.7
[INFO] [stderr]     Checking ipnet v2.7.2
[INFO] [stderr]    Compiling openssl-probe v0.1.5
[INFO] [stderr]    Compiling event-listener v2.5.3
[INFO] [stderr]    Compiling httpdate v1.0.2
[INFO] [stderr]    Compiling sqlx-core v0.6.3
[INFO] [stderr]     Checking reqwest v0.11.18
[INFO] [stderr]     Checking sea-query v0.28.5
[INFO] [stderr]     Checking regex-automata v0.1.10
[INFO] [stderr]     Checking ethers-core v2.0.4
[INFO] [stderr]    Compiling wasm-bindgen-macro-support v0.2.86
[INFO] [stderr]    Compiling crossbeam-deque v0.8.3
[INFO] [stderr]     Checking crossbeam-channel v0.5.8
[INFO] [stderr]     Checking spin v0.9.8
[INFO] [stderr]     Checking inout v0.1.3
[INFO] [stderr]    Compiling wasm-bindgen v0.2.86
[INFO] [stderr]    Compiling prettyplease v0.2.4
[INFO] [stderr]    Compiling eyre v0.6.8
[INFO] [stderr]    Compiling fastrand v1.9.0
[INFO] [stderr]     Checking cipher v0.4.4
[INFO] [stderr]    Compiling solang-parser v0.2.4
[INFO] [stderr]    Compiling sqlx-macros v0.6.3
[INFO] [stderr]    Compiling wasm-bindgen-macro v0.2.86
[INFO] [stderr]    Compiling phf v0.11.1
[INFO] [stderr]     Checking digest v0.9.0
[INFO] [stderr]     Checking block-buffer v0.9.0
[INFO] [stderr]     Checking tungstenite v0.18.0
[INFO] [stderr]    Compiling walkdir v2.3.3
[INFO] [stderr]     Checking sha2 v0.9.9
[INFO] [stderr]    Compiling rayon v1.7.0
[INFO] [stderr]    Compiling bae v0.1.7
[INFO] [stderr]    Compiling sea-strum_macros v0.23.0
[INFO] [stderr]    Compiling ouroboros_macro v0.15.6
[INFO] [stderr]     Checking sharded-slab v0.1.4
[INFO] [stderr]    Compiling md-5 v0.10.5
[INFO] [stderr]    Compiling async-stream-impl v0.3.5
[INFO] [stderr]     Checking nanorand v0.7.0
[INFO] [stderr]     Checking thread_local v1.1.7
[INFO] [stderr]    Compiling glob v0.3.1
[INFO] [stderr]    Compiling path-slash v0.2.1
[INFO] [stderr]    Compiling dunce v1.0.4
[INFO] [stderr]    Compiling yansi v0.5.1
[INFO] [stderr]     Checking aliasable v0.1.3
[INFO] [stderr]    Compiling home v0.5.5
[INFO] [stderr]     Checking sqlx v0.6.3
[INFO] [stderr]     Checking ouroboros v0.15.6
[INFO] [stderr]     Checking async-stream v0.3.5
[INFO] [stderr]     Checking sea-strum v0.23.0
[INFO] [stderr]     Checking sea-query-binder v0.3.1
[INFO] [stderr]     Checking flume v0.10.14
[INFO] [stderr]    Compiling sea-orm-macros v0.11.3
[INFO] [stderr]     Checking js-sys v0.3.63
[INFO] [stderr]     Checking tokio-tungstenite v0.18.0
[INFO] [stderr]     Checking bs58 v0.4.0
[INFO] [stderr]    Compiling rustc_version v0.4.0
[INFO] [stderr]     Checking debugid v0.8.0
[INFO] [stderr]     Checking ripemd v0.1.3
[INFO] [stderr]    Compiling ahash v0.8.3
[INFO] [stderr]     Checking os_str_bytes v6.5.0
[INFO] [stderr]    Compiling anyhow v1.0.71
[INFO] [stderr]     Checking bech32 v0.7.3
[INFO] [stderr]    Compiling indenter v0.3.3
[INFO] [stderr]     Checking coins-core v0.8.3
[INFO] [stderr]     Checking gloo-timers v0.2.6
[INFO] [stderr]     Checking clap_lex v0.2.4
[INFO] [stderr]     Checking sea-orm v0.11.3
[INFO] [stderr]     Checking sentry-types v0.31.3
[INFO] [stderr]     Checking salsa20 v0.10.2
[INFO] [stderr]     Checking matchers v0.1.0
[INFO] [stderr]    Compiling sea-schema-derive v0.1.0
[INFO] [stderr]    Compiling toml v0.7.4
[INFO] [stderr]     Checking bincode v1.3.3
[INFO] [stderr]    Compiling clap_derive v3.2.25
[INFO] [stderr]     Checking pbkdf2 v0.11.0
[INFO] [stderr]     Checking der v0.6.1
[INFO] [stderr]     Checking textwrap v0.16.0
[INFO] [stderr]     Checking radium v0.3.0
[INFO] [stderr]     Checking send_wrapper v0.4.0
[INFO] [stderr]     Checking futures-timer v3.0.2
[INFO] [stderr]     Checking sentry-core v0.31.3
[INFO] [stderr]     Checking bitvec v0.17.4
[INFO] [stderr]     Checking spki v0.6.0
[INFO] [stderr]     Checking scrypt v0.10.0
[INFO] [stderr]     Checking hashers v1.0.1
[INFO] [stderr]     Checking coins-bip32 v0.8.3
[INFO] [stderr]     Checking sea-schema v0.11.0
[INFO] [stderr]     Checking tracing-subscriber v0.3.17
[INFO] [stderr]     Checking aes v0.8.2
[INFO] [stderr]     Checking ctr v0.9.2
[INFO] [stderr]     Checking enr v0.8.1
[INFO] [stderr]     Checking tracing-futures v0.2.5
[INFO] [stderr]     Checking combine v4.6.6
[INFO] [stderr]     Checking deadpool-runtime v0.1.2
[INFO] [stderr]     Checking pbkdf2 v0.12.1
[INFO] [stderr]     Checking uuid v0.8.2
[INFO] [stderr]     Checking retain_mut v0.1.9
[INFO] [stderr]     Checking coins-bip39 v0.8.6
[INFO] [stderr]     Checking deadpool v0.9.5
[INFO] [stderr]     Checking ethers-providers v2.0.4
[INFO] [stderr]     Checking hashbrown v0.13.2
[INFO] [stderr]     Checking eth-keystore v0.5.0
[INFO] [stderr]     Checking clap v3.2.25
[INFO] [stderr]     Checking pkcs8 v0.9.0
[INFO] [stderr]    Compiling libz-sys v1.1.9
[INFO] [stderr]     Checking crypto-bigint v0.4.9
[INFO] [stderr]     Checking ff v0.12.1
[INFO] [stderr]     Checking tower-layer v0.3.2
[INFO] [stderr]     Checking base16ct v0.1.1
[INFO] [stderr]    Compiling ucd-trie v0.1.5
[INFO] [stderr]     Checking group v0.12.1
[INFO] [stderr]     Checking sec1 v0.3.0
[INFO] [stderr]    Compiling pest v2.6.0
[INFO] [stderr]     Checking quick_cache v0.3.0
[INFO] [stderr]     Checking ethers-signers v2.0.4
[INFO] [stderr]    Compiling axum-core v0.3.4
[INFO] [stderr]     Checking futures-locks v0.7.1
[INFO] [stderr]    Compiling proc-macro-hack v0.5.20+deprecated
[INFO] [stderr]     Checking rfc6979 v0.3.1
[INFO] [stderr]     Checking elliptic-curve v0.12.3
[INFO] [stderr]     Checking sentry-backtrace v0.31.3
[INFO] [stderr]    Compiling heapless v0.7.16
[INFO] [stderr]    Compiling sentry-contexts v0.31.3
[INFO] [stderr]     Checking ethers-addressbook v2.0.4
[INFO] [stderr]    Compiling num_enum_derive v0.5.11
[INFO] [stderr]     Checking headers-core v0.2.0
[INFO] [stderr]    Compiling axum v0.6.18
[INFO] [stderr]    Compiling rdkafka-sys v4.4.0+1.9.2
[INFO] [stderr]     Checking signature v1.6.4
[INFO] [stderr]     Checking sea-orm-cli v0.11.3
[INFO] [stderr]    Compiling pest_meta v2.6.0
[INFO] [stderr]     Checking csv-core v0.1.10
[INFO] [stderr]    Compiling num-rational v0.4.1
[INFO] [stderr]     Checking hostname v0.3.1
[INFO] [stderr]     Checking csv v1.2.1
[INFO] [stderr]    Compiling pest_generator v2.6.0
[INFO] [stderr]     Checking sea-orm-migration v0.11.3
[INFO] [stderr]     Checking num_enum v0.5.11
[INFO] [stderr]     Checking ecdsa v0.14.8
[INFO] [stderr]     Checking headers v0.3.8
[INFO] [stderr]     Checking quick_cache_ttl v0.1.0 (/opt/rustwide/workdir/quick_cache_ttl)
[INFO] [stderr]     Checking tower v0.4.13
[INFO] [stderr]     Checking matchers v0.0.1
[INFO] [stderr]     Checking redis v0.23.0
[INFO] [stderr]     Checking ulid v1.0.0
[INFO] [stderr]     Checking serde_path_to_error v0.1.11
[INFO] [stderr]     Checking tracing-serde v0.1.3
[INFO] [stderr]     Checking migration v0.28.0 (/opt/rustwide/workdir/migration)
[INFO] [stderr]    Compiling snafu-derive v0.6.10
[INFO] [stderr]     Checking hash32 v0.2.1
[INFO] [stderr]     Checking ordered-float v3.7.0
[INFO] [stderr]     Checking dashmap v4.0.2
[INFO] [stderr]     Checking miniz_oxide v0.7.1
[INFO] [stderr]     Checking rand_xoshiro v0.6.0
[INFO] [stderr]     Checking uname v0.1.1
[INFO] [stderr]    Compiling argh_shared v0.1.10
[INFO] [stderr]     Checking matchit v0.7.0
[INFO] [stderr]     Checking ewma v0.1.1
[INFO] [stderr]     Checking stable_deref_trait v1.2.0
[INFO] [stderr]     Checking nonempty v0.7.0
[INFO] [stderr]     Checking sync_wrapper v0.1.2
[INFO] [stderr]     Checking ansi_term v0.12.1
[INFO] [stderr]     Checking tracing-subscriber v0.2.25
[INFO] [stderr]     Checking snafu v0.6.10
[INFO] [stderr]     Checking forwarded-header-value v0.1.1
[INFO] [stderr]    Compiling argh_derive v0.1.10
[INFO] [stderr]     Checking flate2 v1.0.26
[INFO] [stderr]     Checking deadpool-redis v0.12.0
[INFO] [stderr]     Checking influxdb2-structmap v0.2.0 (https://github.com/llamanodes/influxdb2#9c2e50be)
[INFO] [stderr]     Checking opentelemetry v0.13.0
[INFO] [stderr]     Checking redis-rate-limiter v0.2.0 (/opt/rustwide/workdir/redis-rate-limiter)
[INFO] [stderr]    Compiling fstrings-proc-macro v0.2.3
[INFO] [stderr]    Compiling pest_derive v2.6.0
[INFO] [stderr]     Checking k256 v0.11.6
[INFO] [stderr]     Checking sentry-panic v0.31.3
[INFO] [stderr]     Checking sentry-anyhow v0.31.3
[INFO] [stderr]     Checking sentry-log v0.31.3
[INFO] [stderr]     Checking rmp v0.8.11
[INFO] [stderr]    Compiling influxdb2-derive v0.1.1 (https://github.com/llamanodes/influxdb2#9c2e50be)
[INFO] [stderr]     Checking serde_plain v1.0.1
[INFO] [stderr]     Checking serde_qs v0.10.1
[INFO] [stderr]     Checking num-complex v0.4.3
[INFO] [stderr]     Checking fallible-iterator v0.2.0
[INFO] [stderr]     Checking go-parse-duration v0.1.1
[INFO] [stderr]     Checking encode_unicode v1.0.0
[INFO] [stderr]     Checking http-range-header v0.3.0
[INFO] [stderr]     Checking iri-string v0.6.0
[INFO] [stderr]     Checking env_logger v0.10.0
[INFO] [stderr]     Checking prettytable v0.10.0
[INFO] [stderr]     Checking ethers-solc v2.0.4
[INFO] [stderr]     Checking argh v0.1.10
[INFO] [stderr]     Checking influxdb2 v0.4.0 (https://github.com/llamanodes/influxdb2#9c2e50be)
[INFO] [stderr]     Checking axum-client-ip v0.4.1
[INFO] [stderr]     Checking siwe v0.5.0
[INFO] [stderr]     Checking tower-http v0.4.0
[INFO] [stderr]     Checking num v0.4.0
[INFO] [stderr]     Checking serde_prometheus v0.2.2
[INFO] [stderr]     Checking rmp-serde v1.1.1
[INFO] [stderr]     Checking sentry v0.31.3
[INFO] [stderr]     Checking handlebars v4.3.7
[INFO] [stderr]     Checking fstrings v0.2.3
[INFO] [stderr]     Checking deferred-rate-limiter v0.2.0 (/opt/rustwide/workdir/deferred-rate-limiter)
[INFO] [stderr]     Checking hdrhistogram v7.5.2
[INFO] [stderr]     Checking latency v0.1.0 (/opt/rustwide/workdir/latency)
[INFO] [stderr]     Checking thread-fast-rng v0.1.0 (/opt/rustwide/workdir/thread-fast-rng)
[INFO] [stderr]     Checking pagerduty-rs v0.1.6
[INFO] [stderr]    Compiling axum-macros v0.3.7
[INFO] [stderr]     Checking counter v0.5.7
[INFO] [stderr]     Checking gethostname v0.4.3
[INFO] [stderr]     Checking listenfd v1.0.1
[INFO] [stderr]     Checking proctitle v0.1.1
[INFO] [stderr]     Checking fdlimit v0.2.1
[INFO] [stderr]     Checking hex_fmt v0.3.0
[INFO] [stderr]     Checking arc-swap v1.6.0
[INFO] [stderr]     Checking rate-counter v0.1.0 (/opt/rustwide/workdir/rate-counter)
[INFO] [stderr]     Checking ethers-etherscan v2.0.4
[INFO] [stderr]     Checking ethers-contract-abigen v2.0.4
[INFO] [stderr]    Compiling ethers-contract-derive v2.0.4
[INFO] [stderr]     Checking rdkafka v0.31.0
[INFO] [stderr]     Checking ethers-contract v2.0.4
[INFO] [stderr]     Checking ethers-middleware v2.0.4
[INFO] [stderr]     Checking ethers v2.0.4
[INFO] [stderr]     Checking entities v0.28.0 (/opt/rustwide/workdir/entities)
[INFO] [stderr]     Checking web3_proxy v0.28.0 (/opt/rustwide/workdir/web3_proxy)
[INFO] [stdout] error[E0433]: failed to resolve: could not find `Builder` in `task`
[INFO] [stdout]    --> web3_proxy/src/rpcs/many.rs:325:39
[INFO] [stdout]     |
[INFO] [stdout] 325 |             let handle = tokio::task::Builder::default()
[INFO] [stdout]     |                                       ^^^^^^^ could not find `Builder` in `task`
[INFO] [stdout]     |
[INFO] [stdout] help: consider importing one of these items
[INFO] [stdout]     |
[INFO] [stdout] 2   + use env_logger::Builder;
[INFO] [stdout]     |
[INFO] [stdout] 2   + use env_logger::filter::Builder;
[INFO] [stdout]     |
[INFO] [stdout] 2   + use http::request::Builder;
[INFO] [stdout]     |
[INFO] [stdout] 2   + use http::response::Builder;
[INFO] [stdout]     |
[INFO] [stdout]       and 7 other candidates
[INFO] [stdout] help: if you import `Builder`, refer to it directly
[INFO] [stdout]     |
[INFO] [stdout] 325 -             let handle = tokio::task::Builder::default()
[INFO] [stdout] 325 +             let handle = Builder::default()
[INFO] [stdout]     |
[INFO] [stdout] 
[INFO] [stdout] 
[INFO] [stdout] error[E0433]: failed to resolve: could not find `Builder` in `task`
[INFO] [stdout]    --> web3_proxy/src/rpcs/many.rs:325:39
[INFO] [stdout]     |
[INFO] [stdout] 325 |             let handle = tokio::task::Builder::default()
[INFO] [stdout]     |                                       ^^^^^^^ could not find `Builder` in `task`
[INFO] [stdout]     |
[INFO] [stdout] help: consider importing one of these items
[INFO] [stdout]     |
[INFO] [stdout] 2   + use env_logger::Builder;
[INFO] [stdout]     |
[INFO] [stdout] 2   + use env_logger::filter::Builder;
[INFO] [stdout]     |
[INFO] [stdout] 2   + use http::request::Builder;
[INFO] [stdout]     |
[INFO] [stdout] 2   + use http::response::Builder;
[INFO] [stdout]     |
[INFO] [stdout]       and 7 other candidates
[INFO] [stdout] help: if you import `Builder`, refer to it directly
[INFO] [stdout]     |
[INFO] [stdout] 325 -             let handle = tokio::task::Builder::default()
[INFO] [stdout] 325 +             let handle = Builder::default()
[INFO] [stdout]     |
[INFO] [stdout] 
[INFO] [stdout] 
[INFO] [stdout] error[E0433]: failed to resolve: could not find `Builder` in `task`
[INFO] [stdout]    --> web3_proxy/src/rpcs/many.rs:339:39
[INFO] [stdout]     |
[INFO] [stdout] 339 |             let handle = tokio::task::Builder::default()
[INFO] [stdout]     |                                       ^^^^^^^ could not find `Builder` in `task`
[INFO] [stdout]     |
[INFO] [stdout] help: consider importing one of these items
[INFO] [stdout]     |
[INFO] [stdout] 2   + use env_logger::Builder;
[INFO] [stdout]     |
[INFO] [stdout] 2   + use env_logger::filter::Builder;
[INFO] [stdout]     |
[INFO] [stdout] 2   + use http::request::Builder;
[INFO] [stdout]     |
[INFO] [stdout] 2   + use http::response::Builder;
[INFO] [stdout]     |
[INFO] [stdout]       and 7 other candidates
[INFO] [stdout] help: if you import `Builder`, refer to it directly
[INFO] [stdout]     |
[INFO] [stdout] 339 -             let handle = tokio::task::Builder::default()
[INFO] [stdout] 339 +             let handle = Builder::default()
[INFO] [stdout]     |
[INFO] [stdout] 
[INFO] [stdout] 
[INFO] [stdout] error[E0433]: failed to resolve: could not find `Builder` in `task`
[INFO] [stdout]    --> web3_proxy/src/rpcs/many.rs:339:39
[INFO] [stdout]     |
[INFO] [stdout] 339 |             let handle = tokio::task::Builder::default()
[INFO] [stdout]     |                                       ^^^^^^^ could not find `Builder` in `task`
[INFO] [stdout]     |
[INFO] [stdout] help: consider importing one of these items
[INFO] [stdout]     |
[INFO] [stdout] 2   + use env_logger::Builder;
[INFO] [stdout]     |
[INFO] [stdout] 2   + use env_logger::filter::Builder;
[INFO] [stdout]     |
[INFO] [stdout] 2   + use http::request::Builder;
[INFO] [stdout]     |
[INFO] [stdout] 2   + use http::response::Builder;
[INFO] [stdout]     |
[INFO] [stdout]       and 7 other candidates
[INFO] [stdout] help: if you import `Builder`, refer to it directly
[INFO] [stdout]     |
[INFO] [stdout] 339 -             let handle = tokio::task::Builder::default()
[INFO] [stdout] 339 +             let handle = Builder::default()
[INFO] [stdout]     |
[INFO] [stdout] 
[INFO] [stdout] 
[INFO] [stdout] warning: unused import: `entities::user::Relation::UserTier`
[INFO] [stdout]   --> web3_proxy/src/frontend/users/subuser.rs:14:5
[INFO] [stdout]    |
[INFO] [stdout] 14 | use entities::user::Relation::UserTier;
[INFO] [stdout]    |     ^^^^^^^^^^^^^^^^^^^^^^^^^^^^^^^^^^
[INFO] [stdout]    |
[INFO] [stdout]    = note: `#[warn(unused_imports)]` on by default
[INFO] [stdout] 
[INFO] [stdout] 
[INFO] [stdout] warning: unused import: `user_tier`
[INFO] [stdout]   --> web3_proxy/src/frontend/users/subuser.rs:15:56
[INFO] [stdout]    |
[INFO] [stdout] 15 | use entities::{balance, rpc_key, secondary_user, user, user_tier};
[INFO] [stdout]    |                                                        ^^^^^^^^^
[INFO] [stdout] 
[INFO] [stdout] 
[INFO] [stdout] warning: unused import: `debug`
[INFO] [stdout]   --> web3_proxy/src/rpcs/consensus.rs:10:11
[INFO] [stdout]    |
[INFO] [stdout] 10 | use log::{debug, trace, warn};
[INFO] [stdout]    |           ^^^^^
[INFO] [stdout] 
[INFO] [stdout] 
[INFO] [stdout] warning: unused import: `entities::user::Relation::UserTier`
[INFO] [stdout]   --> web3_proxy/src/frontend/users/subuser.rs:14:5
[INFO] [stdout]    |
[INFO] [stdout] 14 | use entities::user::Relation::UserTier;
[INFO] [stdout]    |     ^^^^^^^^^^^^^^^^^^^^^^^^^^^^^^^^^^
[INFO] [stdout]    |
[INFO] [stdout]    = note: `#[warn(unused_imports)]` on by default
[INFO] [stdout] 
[INFO] [stdout] 
[INFO] [stdout] warning: unused import: `user_tier`
[INFO] [stdout]   --> web3_proxy/src/frontend/users/subuser.rs:15:56
[INFO] [stdout]    |
[INFO] [stdout] 15 | use entities::{balance, rpc_key, secondary_user, user, user_tier};
[INFO] [stdout]    |                                                        ^^^^^^^^^
[INFO] [stdout] 
[INFO] [stdout] 
[INFO] [stdout] warning: unused import: `debug`
[INFO] [stdout]   --> web3_proxy/src/rpcs/consensus.rs:10:11
[INFO] [stdout]    |
[INFO] [stdout] 10 | use log::{debug, trace, warn};
[INFO] [stdout]    |           ^^^^^
[INFO] [stdout] 
[INFO] [stdout] 
[INFO] [stdout] warning: unused variable: `authorization`
[INFO] [stdout]    --> web3_proxy/src/rpcs/one.rs:727:9
[INFO] [stdout]     |
[INFO] [stdout] 727 |         authorization: Arc<Authorization>,
[INFO] [stdout]     |         ^^^^^^^^^^^^^ help: if this is intentional, prefix it with an underscore: `_authorization`
[INFO] [stdout]     |
[INFO] [stdout]     = note: `#[warn(unused_variables)]` on by default
[INFO] [stdout] 
[INFO] [stdout] 
[INFO] [stdout] warning: unused variable: `tx_id_sender`
[INFO] [stdout]    --> web3_proxy/src/rpcs/one.rs:728:9
[INFO] [stdout]     |
[INFO] [stdout] 728 |         tx_id_sender: flume::Sender<(TxHash, Arc<Self>)>,
[INFO] [stdout]     |         ^^^^^^^^^^^^ help: if this is intentional, prefix it with an underscore: `_tx_id_sender`
[INFO] [stdout] 
[INFO] [stdout] 
[INFO] [stdout] warning: unused variable: `authorization`
[INFO] [stdout]    --> web3_proxy/src/rpcs/one.rs:727:9
[INFO] [stdout]     |
[INFO] [stdout] 727 |         authorization: Arc<Authorization>,
[INFO] [stdout]     |         ^^^^^^^^^^^^^ help: if this is intentional, prefix it with an underscore: `_authorization`
[INFO] [stdout]     |
[INFO] [stdout]     = note: `#[warn(unused_variables)]` on by default
[INFO] [stdout] 
[INFO] [stdout] 
[INFO] [stdout] warning: unused variable: `tx_id_sender`
[INFO] [stdout]    --> web3_proxy/src/rpcs/one.rs:728:9
[INFO] [stdout]     |
[INFO] [stdout] 728 |         tx_id_sender: flume::Sender<(TxHash, Arc<Self>)>,
[INFO] [stdout]     |         ^^^^^^^^^^^^ help: if this is intentional, prefix it with an underscore: `_tx_id_sender`
[INFO] [stdout] 
[INFO] [stdout] 
[INFO] [stdout] warning: unused variable: `status_code`
[INFO] [stdout]     --> web3_proxy/src/app/mod.rs:1085:18
[INFO] [stdout]      |
[INFO] [stdout] 1085 |             let (status_code, response, rpcs) = response;
[INFO] [stdout]      |                  ^^^^^^^^^^^ help: if this is intentional, prefix it with an underscore: `_status_code`
[INFO] [stdout] 
[INFO] [stdout] 
[INFO] [stdout] warning: unused variable: `status_code`
[INFO] [stdout]     --> web3_proxy/src/app/mod.rs:1085:18
[INFO] [stdout]      |
[INFO] [stdout] 1085 |             let (status_code, response, rpcs) = response;
[INFO] [stdout]      |                  ^^^^^^^^^^^ help: if this is intentional, prefix it with an underscore: `_status_code`
[INFO] [stdout] 
[INFO] [stdout] 
[INFO] [stdout] warning: unused variable: `status_code`
[INFO] [stdout]    --> web3_proxy/src/frontend/rpc_proxy_ws.rs:432:32
[INFO] [stdout]     |
[INFO] [stdout] 432 |                         .map(|(status_code, response, _)| response),
[INFO] [stdout]     |                                ^^^^^^^^^^^ help: if this is intentional, prefix it with an underscore: `_status_code`
[INFO] [stdout] 
[INFO] [stdout] 
[INFO] [stdout] warning: unused variable: `status_code`
[INFO] [stdout]    --> web3_proxy/src/frontend/rpc_proxy_ws.rs:432:32
[INFO] [stdout]     |
[INFO] [stdout] 432 |                         .map(|(status_code, response, _)| response),
[INFO] [stdout]     |                                ^^^^^^^^^^^ help: if this is intentional, prefix it with an underscore: `_status_code`
[INFO] [stdout] 
[INFO] [stdout] 
[INFO] [stdout] warning: unused variable: `premium_user_tier`
[INFO] [stdout]    --> web3_proxy/src/frontend/admin.rs:130:9
[INFO] [stdout]     |
[INFO] [stdout] 130 |     let premium_user_tier = user_tier::Entity::find()
[INFO] [stdout]     |         ^^^^^^^^^^^^^^^^^ help: if this is intentional, prefix it with an underscore: `_premium_user_tier`
[INFO] [stdout] 
[INFO] [stdout] 
[INFO] [stdout] warning: unused variable: `premium_user_tier`
[INFO] [stdout]    --> web3_proxy/src/frontend/admin.rs:130:9
[INFO] [stdout]     |
[INFO] [stdout] 130 |     let premium_user_tier = user_tier::Entity::find()
[INFO] [stdout]     |         ^^^^^^^^^^^^^^^^^ help: if this is intentional, prefix it with an underscore: `_premium_user_tier`
[INFO] [stdout] 
[INFO] [stdout] 
[INFO] [stdout] warning: unused variable: `rpc_secret_key_cache`
[INFO] [stdout]    --> web3_proxy/src/stats/mod.rs:414:25
[INFO] [stdout]     |
[INFO] [stdout] 414 |             if let Some(rpc_secret_key_cache) = rpc_secret_key_cache {
[INFO] [stdout]     |                         ^^^^^^^^^^^^^^^^^^^^ help: if this is intentional, prefix it with an underscore: `_rpc_secret_key_cache`
[INFO] [stdout] 
[INFO] [stdout] 
[INFO] [stdout] warning: unused variable: `rpc_secret_key_cache`
[INFO] [stdout]    --> web3_proxy/src/stats/mod.rs:414:25
[INFO] [stdout]     |
[INFO] [stdout] 414 |             if let Some(rpc_secret_key_cache) = rpc_secret_key_cache {
[INFO] [stdout]     |                         ^^^^^^^^^^^^^^^^^^^^ help: if this is intentional, prefix it with an underscore: `_rpc_secret_key_cache`
[INFO] [stdout] 
[INFO] [stdout] 
[INFO] [stdout] error: aborting due to 2 previous errors; 9 warnings emitted
[INFO] [stdout] 
[INFO] [stdout] 
[INFO] [stdout] For more information about this error, try `rustc --explain E0433`.
[INFO] [stdout] 
[INFO] [stderr] error: could not compile `web3_proxy` (lib) due to 3 previous errors; 9 warnings emitted
[INFO] [stderr] warning: build failed, waiting for other jobs to finish...
[INFO] [stdout] error: aborting due to 2 previous errors; 9 warnings emitted
[INFO] [stdout] 
[INFO] [stdout] 
[INFO] [stdout] For more information about this error, try `rustc --explain E0433`.
[INFO] [stdout] 
[INFO] [stderr] error: could not compile `web3_proxy` (lib test) due to 3 previous errors; 9 warnings emitted
[INFO] running `Command { std: "docker" "inspect" "05c8982a6c32d231c68266bb4700776bb144c502881358db971a0ab42cc87eaa", kill_on_drop: false }`
[INFO] running `Command { std: "docker" "rm" "-f" "05c8982a6c32d231c68266bb4700776bb144c502881358db971a0ab42cc87eaa", kill_on_drop: false }`
[INFO] [stdout] 05c8982a6c32d231c68266bb4700776bb144c502881358db971a0ab42cc87eaa
